(t) = -2*t**2 - 10*t + 5. Give m(4).
-67
Let q(y) = 2*y**2 - 24*y - 44. Determine q(13).
-18
Let s(w) = 17*w - 22. What is s(8)?
114
Let g(w) = 5*w**2 + 12*w + 7. Determine g(-3).
16
Let r(f) = f**2 - 11*f - 50. What is r(14)?
-8
Let p(g) = 2*g**2 + 58*g - 19. Give p(-30).
41
Let a(f) = -f + 24. What is a(8)?
16
Let u(r) = -r - 6. Give u(5).
-11
Let g(u) = u**3 + 7*u**2 - 6. What is g(-6)?
30
Let x(k) = 3*k**2 + k + 4. What is x(-5)?
74
Let a(r) = -r + 22. What is a(30)?
-8
Let y(n) = 2*n**2 + 10*n + 5. What is y(-3)?
-7
Let x(q) = -q**2 - 6*q + 8. What is x(-5)?
13
Let v(i) = -i - 24. Give v(-12).
-12
Let f(c) = 17*c**3 - c**2 + c. Determine f(1).
17
Let m(k) = k**2 + 10*k + 5. What is m(-12)?
29
Let k(q) = -8*q - 9. Give k(5).
-49
Let w(t) = -t**3 + 7*t**2 - t + 13. Calculate w(7).
6
Let n(k) = k - 12. Calculate n(9).
-3
Let k(y) = -2*y**2 - 12*y - 5. What is k(-6)?
-5
Let l(f) = 34*f - 339. What is l(10)?
1
Let r(y) = y**3 - 19*y**2 - 21*y + 15. Determine r(20).
-5
Let d(v) = 2*v + 3. Determine d(4).
11
Let a(b) = -b - 1. What is a(-1)?
0
Let t(h) = -2*h**2 + 5*h + 2. Calculate t(4).
-10
Let m(t) = t**3 + 31*t**2 - 31*t + 27. Calculate m(-32).
-5
Let f(y) = -y**3 - 3*y**2 + y - 4. Calculate f(-4).
8
Let a(w) = 6*w - 50. Determine a(7).
-8
Let f(b) = 4*b + 11. What is f(-5)?
-9
Let g(t) = t**2 - 11*t - 23. Give g(13).
3
Let k(t) = -t + 13. Give k(16).
-3
Let u(w) = 2*w**2 - 3*w - 1. What is u(-7)?
118
Let x(q) = 3*q**2 - 10*q - 5. Calculate x(4).
3
Let d(p) = -p - 2. Calculate d(-3).
1
Let o(i) = -2*i**2 + 16*i - 4. What is o(9)?
-22
Let c(l) = 2*l**3 + 2*l**2 - l - 1. What is c(-2)?
-7
Let z(s) = s**3 + 5*s**2 - 5*s - 7. Calculate z(-6).
-13
Let f(w) = -w - 10. Determine f(-16).
6
Let v(l) = 2*l**2 + 4*l. Calculate v(-4).
16
Let u(i) = -i**3 + 24*i**2 - 43*i - 23. Give u(22).
-1
Let z(o) = -o**3 + 16*o**2 + 18*o - 25. What is z(17)?
-8
Let x(p) = -p**3 - 10*p**2 - 15*p + 18. Determine x(-8).
10
Let c(o) = -o**2 - 3*o - 1. Determine c(0).
-1
Let k(m) = -m**3 - 3*m**2 + 4*m - 6. What is k(-4)?
-6
Let x(i) = -8*i**3 - 2*i**2 + 3*i - 2. Calculate x(1).
-9
Let f(w) = w**3 - 12*w**2 + 38*w - 3. Calculate f(6).
9
Let d(o) = -3*o**3 - 3*o**2 - o. Determine d(-2).
14
Let p(o) = -o - 27. Give p(-20).
-7
Let b(q) = -4*q - 16. Calculate b(-4).
0
Let y(m) = -3*m - 60. Give y(-20).
0
Let g(o) = -o**3 - 17*o**2 + 3*o + 8. What is g(-17)?
-43
Let c(p) = -p**3 + 5*p**2 + 6*p + 4. What is c(6)?
4
Let q(s) = 4*s**3 + 25*s**2 + 6*s + 8. Give q(-6).
8
Let c(s) = -3*s**2 - 10*s + 3. Calculate c(-3).
6
Let l(p) = -p**2 + 5. Calculate l(3).
-4
Let p(t) = -t. Determine p(13).
-13
Let b(x) = 2*x**2 + 11*x - 4. What is b(-6)?
2
Let t(a) = a**3 + 8*a**2 - 29*a + 8. What is t(-10)?
98
Let l(v) = 5*v + 10. Determine l(-4).
-10
Let o(f) = f - 14. What is o(6)?
-8
Let a(h) = h**2 + 7*h + 12. Determine a(-4).
0
Let w(n) = -3*n**2 - 88*n - 31. What is w(-29)?
-2
Let p(g) = -3*g + 30. Calculate p(9).
3
Let n(z) = z**3 - 31*z**2 - 33*z + 26. Give n(32).
-6
Let s(m) = -m**3 + 25*m**2 - 23*m - 30. Give s(24).
-6
Let g(i) = 16*i - 4. Calculate g(2).
28
Let o(g) = 12*g + 78. Determine o(-6).
6
Let o(f) = -4*f**2 + 26*f + 27. Calculate o(-1).
-3
Let f(t) = -t**3 + 10*t**2 - 9*t - 1. Determine f(9).
-1
Let n(s) = -83*s - 664. What is n(-8)?
0
Let v(f) = -f**3 - 8*f**2 - 3*f + 35. What is v(-7)?
7
Let h(a) = -2*a**3 - 3*a**2 + 4. Give h(-3).
31
Let j(d) = -d - 6. Calculate j(-5).
-1
Let q(n) = 14*n + 19. Determine q(-1).
5
Let g(l) = 31*l - 562. What is g(18)?
-4
Let r(t) = -t**3 + 8*t**2 - t + 7. What is r(8)?
-1
Let c(z) = 17*z - 2. Determine c(1).
15
Let h(o) = -o**2 + 8*o - 21. Calculate h(9).
-30
Let c(g) = -2*g**3 - g**2 - g + 2. Determine c(2).
-20
Let p(f) = f + 33. Give p(15).
48
Let y(s) = -s**2 - 8*s + 10. Determine y(-9).
1
Let g(q) = q**3 + 10*q**2 - q - 16. Calculate g(-10).
-6
Let d(q) = -8*q - 53. Determine d(-7).
3
Let z(o) = o**2 + 17*o + 13. What is z(-15)?
-17
Let x(q) = q**2 + 41*q + 177. Calculate x(-36).
-3
Let y(h) = h**2 + 12*h + 2. Calculate y(-8).
-30
Let g(z) = -5*z**2 + 11*z - 6. Calculate g(0).
-6
Let u(s) = 2*s**3 + 51*s**2 - 23*s + 87. Determine u(-26).
9
Let j(r) = -9*r - 12. What is j(-6)?
42
Let x(u) = u**3 + 2*u**2 - u. What is x(0)?
0
Let p(u) = -u**3 + 13*u**2 - u - 12. Determine p(13).
-25
Let t(a) = a**3 + 7*a**2 - 13*a - 86. What is t(-7)?
5
Let f(l) = 14*l**3 + 2*l**2 + 2*l + 1. Calculate f(-1).
-13
Let a(c) = -3*c**3 - 25*c**2 - 2*c + 53. Calculate a(-8).
5
Let g(p) = 2*p**2 - p - 36. Give g(0).
-36
Let d(f) = -4*f**3 - 2*f**2 - 3. Calculate d(-2).
21
Let j(m) = -m**3 + 34*m**2 - 3*m + 97. What is j(34)?
-5
Let p(q) = -10*q - 80. Calculate p(-9).
10
Let n(t) = 14*t**3 - 2*t**2 - 2*t - 1. What is n(-1)?
-15
Let c(w) = 14*w**2 - 3*w - 3. Give c(-1).
14
Let q(z) = z**3 - 9*z**2 - z + 4. Calculate q(5).
-101
Let k(v) = v + 7. Calculate k(7).
14
Let y(l) = 5*l + 50. Give y(-16).
-30
Let r(b) = -b**3 + 5*b**2 + 15*b - 76. What is r(5)?
-1
Let d(k) = 14*k + 4. Give d(-2).
-24
Let n(m) = m**3 + 2*m**2 + m - 4. What is n(2)?
14
Let x(u) = 3*u + 26. What is x(-11)?
-7
Let q(h) = -167*h + 340. What is q(2)?
6
Let z(n) = -n**2 + 5. Calculate z(3).
-4
Let b(j) = j**2 - 11*j + 17. Give b(9).
-1
Let y(p) = -2*p**2 - 5*p - 3. What is y(-4)?
-15
Let w(g) = 17*g + 11. Give w(-3).
-40
Let v(n) = n**3 - 4*n**2 + 7*n - 16. Give v(4).
12
Let t(n) = n**3 - n**2 + 2*n. Calculate t(3).
24
Let b(t) = -t**3 + 10*t**2 + 2*t + 8. What is b(10)?
28
Let t(u) = -u**2 + 3*u + 2. What is t(3)?
2
Let z(c) = -c - 25. Give z(-20).
-5
Let x(q) = 2*q + 26. What is x(-24)?
-22
Let u(n) = -n**3 + 4*n**2 + 5*n - 7. Calculate u(6).
-49
Let q(b) = 2*b**3 + 19*b**2 - 12*b - 12. Calculate q(-10).
8
Let j(n) = -5*n - 16. Calculate j(-5).
9
Let z(s) = -s - 15. What is z(-15)?
0
Let w(j) = 23*j - 19. What is w(-4)?
-111
Let t(i) = i - 8. Give t(-6).
-14
Let b(w) = w**3 + 7*w**2 - 18*w + 20. What is b(-9)?
20
Let m(c) = 3*c**2 + c - 8. Determine m(-4).
36
Let u(w) = -4*w**2 + 13*w + 8. What is u(4)?
-4
Let j(z) = z**3 + 18*z**2 + 2*z + 11. Determine j(-18).
-25
Let h(s) = -s**2 + 7*s - 13. Calculate h(4).
-1
Let q(n) = -16*n**2 + 2*n + 1. Determine q(-1).
-17
Let j(a) = a**2 + a - 12. Determine j(-6).
18
Let q(k) = 2*k**3 - 8*k**2 + 7*k - 5. Determine q(5).
80
Let x(i) = -6*i**3 - 1. Give x(-1).
5
Let x(a) = 4*a + 48. What is x(-13)?
-4
Let m(o) = -o + 17. What is m(6)?
11
Let i(r) = 8*r - 89. What is i(11)?
-1
Let p(l) = -2*l - 17. Determine p(-5).
-7
Let n(v) = -19*v**2 - 3*v + 2. What is n(1)?
-20
Let i(y) = y**2 - 11*y - 26. Give i(12).
-14
Let y(f) = f**3 - 6*f**2 + 4*f + 1. Give y(4).
-15
Let l(v) = -v - 54. What is l(-23)?
-31
Let c(o) = -23*o**2 + 3*o + 4. Calculate c(1).
-16
Let o(l) = -l**2 - 4*l + 2. Calculate o(-7).
-19
Let r(n) = -5*n + 47. Calculate r(7).
12
Let d(t) = -2*t**2 - 8. Determine d(7).
-106
Let a(n) = 3*n**2 + 8*n - 2. Calculate a(-3).
1
Let g(z) = z**3 + 20*z**2 + 19*z. Calculate g(-19).
0
Let i(d) = -d**3 + 7*d**2 - 3*d + 22. Give i(8).
-66
Let z(p) = -p**3 - 5*p**2 + 6*p + 4. Give z(-5).
-26
Let i(a) = -5*a**2 - 2*a + 2. Give i(2).
-22
Let u(l) = -20*l + 89. Give u(4).
9
Let q(s) = s - 15. What is q(10)?
-5
Let l(f) = -3*f - 20. Give l(17).
-71
Let y(h) = h**3 - 11*h**2 - 11*h - 5. Determine y(12).
7
Let n(k) = k**2 - k - 8. Determine n(-5).
22
Let d(n) = n**3 - 7*n**2 - 3*n. What is d(8)?
40
Let j(v) = -v**3 - 38*v**2 + v - 8. Give j(-38).
-46
Let m(v) = -v**3 - 2*v**2 - 3*v - 1. Determine m(-2).
5
Let j(a) = 2*a + 15. Calculate j(-4).
7
Let d(b) = -3*b + 17. Give d(-1).
20
Let z(w) = w. Calculate z(-2).
-2
Let q(x) = -2*x**2 - 4*x - 6. Determine q(5).
-76
Let g(d) = 14*d**2 + d + 1. Give g(-1).
14
Let g(s) = -s**2 - 33*s - 75. Calculate g(-29).
41
Let f(a) = 10*a - 3. Give f(2).
17
Let v(d) = d**3 + 8*d**2 - d + 4. Calculate v(-9).
-68
Let n(i) = -i**2 - 2*i - 3. What is n(-3)?
-6
Let f(b) = -25*b - 334. What is f(-14)?
16
Let u(w) = -w**2 - 18*w - 25. Determine u(-15).
20
Let h(g) = g**2 - 3*g - 45. Determine h(-6).
9
Let z(i) = 31*i + 254. Determine z(-8).
6
Let l(g) = g**3 - 8*g**2 + g + 2. Give l(8).
10
Let j(g) = -34*g + 134. Determine j(4).
-2
Let b(l) = -4*l - 9. Determine b(-3).
3
Let y(o) = -o**3 - 4*o**2 - 2*o - 9. Determine y(-4).
-1
Let l(t) 